{"id":3774,"date":"2023-12-30T23:31:59","date_gmt":"2023-12-30T23:31:59","guid":{"rendered":"https:\/\/www.becandotussuenosiap.org\/?page_id=3774"},"modified":"2024-09-28T03:29:18","modified_gmt":"2024-09-28T03:29:18","slug":"vision-2","status":"publish","type":"page","link":"https:\/\/www.becandotussuenosiap.org\/?page_id=3774","title":{"rendered":"Visi\u00f3n"},"content":{"rendered":"\t\t<div data-elementor-type=\"wp-page\" data-elementor-id=\"3774\" class=\"elementor elementor-3774\" data-elementor-post-type=\"page\">\n\t\t\t\t<div class=\"elementor-element elementor-element-eb2485b e-flex e-con-boxed e-con e-parent\" data-id=\"eb2485b\" data-element_type=\"container\" data-e-type=\"container\" data-settings=\"{&quot;jet_parallax_layout_list&quot;:[]}\">\n\t\t\t\t\t<div class=\"e-con-inner\">\n\t\t\t\t<div class=\"elementor-element elementor-element-2a06084 elementor-widget elementor-widget-image\" data-id=\"2a06084\" data-element_type=\"widget\" data-e-type=\"widget\" data-widget_type=\"image.default\">\n\t\t\t\t<div class=\"elementor-widget-container\">\n\t\t\t\t\t\t\t\t\t\t\t\t\t\t\t<img fetchpriority=\"high\" decoding=\"async\" width=\"1024\" height=\"577\" src=\"https:\/\/www.becandotussuenosiap.org\/wp-content\/uploads\/2024\/05\/WhatsApp-Image-2024-05-03-at-1.05.31-PM-2-1024x577.jpeg\" class=\"attachment-large size-large wp-image-3936\" alt=\"\" srcset=\"https:\/\/www.becandotussuenosiap.org\/wp-content\/uploads\/2024\/05\/WhatsApp-Image-2024-05-03-at-1.05.31-PM-2-1024x577.jpeg 1024w, https:\/\/www.becandotussuenosiap.org\/wp-content\/uploads\/2024\/05\/WhatsApp-Image-2024-05-03-at-1.05.31-PM-2-300x169.jpeg 300w, https:\/\/www.becandotussuenosiap.org\/wp-content\/uploads\/2024\/05\/WhatsApp-Image-2024-05-03-at-1.05.31-PM-2-768x432.jpeg 768w, https:\/\/www.becandotussuenosiap.org\/wp-content\/uploads\/2024\/05\/WhatsApp-Image-2024-05-03-at-1.05.31-PM-2-1536x865.jpeg 1536w, https:\/\/www.becandotussuenosiap.org\/wp-content\/uploads\/2024\/05\/WhatsApp-Image-2024-05-03-at-1.05.31-PM-2.jpeg 1600w\" sizes=\"(max-width: 1024px) 100vw, 1024px\" \/>\t\t\t\t\t\t\t\t\t\t\t\t\t\t\t<\/div>\n\t\t\t\t<\/div>\n\t\t\t\t<div class=\"elementor-element elementor-element-5dd02fd elementor-widget elementor-widget-heading\" data-id=\"5dd02fd\" data-element_type=\"widget\" data-e-type=\"widget\" data-widget_type=\"heading.default\">\n\t\t\t\t<div class=\"elementor-widget-container\">\n\t\t\t\t\t<h2 class=\"elementor-heading-title elementor-size-default\">Visi\u00f3n.<\/h2>\t\t\t\t<\/div>\n\t\t\t\t<\/div>\n\t\t<div class=\"elementor-element elementor-element-8dfd9c7 e-flex e-con-boxed e-con e-child\" data-id=\"8dfd9c7\" data-element_type=\"container\" data-e-type=\"container\" data-settings=\"{&quot;jet_parallax_layout_list&quot;:[]}\">\n\t\t\t\t\t<div class=\"e-con-inner\">\n\t\t\t\t<div class=\"elementor-element elementor-element-87f5aca elementor-widget elementor-widget-text-editor\" data-id=\"87f5aca\" data-element_type=\"widget\" data-e-type=\"widget\" data-widget_type=\"text-editor.default\">\n\t\t\t\t<div class=\"elementor-widget-container\">\n\t\t\t\t\t\t\t\t\t<p>La visi\u00f3n de Becando Tus Sue\u00f1os I.A.P. es ser una asociaci\u00f3n l\u00edder en la formaci\u00f3n acad\u00e9mica y capacitaci\u00f3n de personas para el trabajo, erradicando para fines del 2027 un 30% el desempleo\u00a0 y la deserci\u00f3n escolar de nuestra localidad, esto equivale a\u00a0 399 personas al\u00a0 a\u00f1o.<\/p><p>Esta Asociaci\u00f3n est\u00e1 comprometida con la inclusi\u00f3n educativa, laboral, social y la igualdad de oportunidades, que contribuya al desarrollo econ\u00f3mico y social del pa\u00eds.<\/p>\t\t\t\t\t\t\t\t<\/div>\n\t\t\t\t<\/div>\n\t\t\t\t\t<\/div>\n\t\t\t\t<\/div>\n\t\t\t\t\t<\/div>\n\t\t\t\t<\/div>\n\t\t<div class=\"elementor-element elementor-element-00c8c63 e-flex e-con-boxed e-con e-parent\" data-id=\"00c8c63\" data-element_type=\"container\" data-e-type=\"container\" data-settings=\"{&quot;jet_parallax_layout_list&quot;:[]}\">\n\t\t\t\t\t<div class=\"e-con-inner\">\n\t\t\t\t<div class=\"elementor-element elementor-element-0cf3dbd elementor-widget elementor-widget-image\" data-id=\"0cf3dbd\" data-element_type=\"widget\" data-e-type=\"widget\" data-widget_type=\"image.default\">\n\t\t\t\t<div class=\"elementor-widget-container\">\n\t\t\t\t\t\t\t\t\t\t\t\t<figure class=\"wp-caption\">\n\t\t\t\t\t\t\t\t\t\t<img decoding=\"async\" width=\"500\" height=\"500\" src=\"https:\/\/www.becandotussuenosiap.org\/wp-content\/uploads\/2023\/12\/MARCA-DE-AGUA-Becando-1.png\" class=\"attachment-large size-large wp-image-3495\" alt=\"\" srcset=\"https:\/\/www.becandotussuenosiap.org\/wp-content\/uploads\/2023\/12\/MARCA-DE-AGUA-Becando-1.png 500w, https:\/\/www.becandotussuenosiap.org\/wp-content\/uploads\/2023\/12\/MARCA-DE-AGUA-Becando-1-300x300.png 300w, https:\/\/www.becandotussuenosiap.org\/wp-content\/uploads\/2023\/12\/MARCA-DE-AGUA-Becando-1-150x150.png 150w\" sizes=\"(max-width: 500px) 100vw, 500px\" \/>\t\t\t\t\t\t\t\t\t\t\t<figcaption class=\"widget-image-caption wp-caption-text\">\u00a1Sue\u00f1os grandes, personas grandes!<\/figcaption>\n\t\t\t\t\t\t\t\t\t\t<\/figure>\n\t\t\t\t\t\t\t\t\t<\/div>\n\t\t\t\t<\/div>\n\t\t\t\t\t<\/div>\n\t\t\t\t<\/div>\n\t\t<div class=\"elementor-element elementor-element-7c38d41 e-flex e-con-boxed e-con e-parent\" data-id=\"7c38d41\" data-element_type=\"container\" data-e-type=\"container\" data-settings=\"{&quot;jet_parallax_layout_list&quot;:[]}\">\n\t\t\t\t\t<div class=\"e-con-inner\">\n\t\t\t\t\t<\/div>\n\t\t\t\t<\/div>\n\t\t<div class=\"elementor-element elementor-element-6fc1c73 e-flex e-con-boxed e-con e-parent\" data-id=\"6fc1c73\" data-element_type=\"container\" data-e-type=\"container\" data-settings=\"{&quot;jet_parallax_layout_list&quot;:[]}\">\n\t\t\t\t\t<div class=\"e-con-inner\">\n\t\t\t\t<div class=\"elementor-element elementor-element-26051a5 elementor-widget elementor-widget-html\" data-id=\"26051a5\" data-element_type=\"widget\" data-e-type=\"widget\" data-widget_type=\"html.default\">\n\t\t\t\t<div class=\"elementor-widget-container\">\n\t\t\t\t\t<!-- Brevo Conversations {literal} -->\r\n<script>\r\n    (function(d, w, c) {\r\n        w.BrevoConversationsID = '6696ffaf0d38d17592231a58';\r\n        w[c] = w[c] || function() {\r\n            (w[c].q = w[c].q || []).push(arguments);\r\n        };\r\n        var s = d.createElement('script');\r\n        s.async = true;\r\n        s.src = 'https:\/\/conversations-widget.brevo.com\/brevo-conversations.js';\r\n        if (d.head) d.head.appendChild(s);\r\n    })(document, window, 'BrevoConversations');\r\n<\/script>\r\n<!-- \/Brevo Conversations {\/literal} -->\t\t\t\t<\/div>\n\t\t\t\t<\/div>\n\t\t\t\t\t<\/div>\n\t\t\t\t<\/div>\n\t\t\t\t<\/div>\n\t\t","protected":false},"excerpt":{"rendered":"<p>Visi\u00f3n. La visi\u00f3n de Becando Tus Sue\u00f1os I.A.P. es ser una asociaci\u00f3n l\u00edder en la formaci\u00f3n acad\u00e9mica y capacitaci\u00f3n de personas para el trabajo, erradicando para fines del 2027 un 30% el desempleo\u00a0 y la deserci\u00f3n escolar de nuestra localidad, esto equivale a\u00a0 399 personas al\u00a0 a\u00f1o. Esta Asociaci\u00f3n est\u00e1 comprometida con la inclusi\u00f3n educativa, [&hellip;]<\/p>\n","protected":false},"author":1,"featured_media":0,"parent":0,"menu_order":0,"comment_status":"closed","ping_status":"closed","template":"","meta":{"give_campaign_id":0,"site-sidebar-layout":"no-sidebar","site-content-layout":"page-builder","ast-site-content-layout":"full-width-container","site-content-style":"default","site-sidebar-style":"default","ast-global-header-display":"","ast-banner-title-visibility":"","ast-main-header-display":"","ast-hfb-above-header-display":"","ast-hfb-below-header-display":"","ast-hfb-mobile-header-display":"","site-post-title":"disabled","ast-breadcrumbs-content":"","ast-featured-img":"disabled","footer-sml-layout":"","ast-disable-related-posts":"","theme-transparent-header-meta":"","adv-header-id-meta":"","stick-header-meta":"","header-above-stick-meta":"","header-main-stick-meta":"","header-below-stick-meta":"","astra-migrate-meta-layouts":"default","ast-page-background-enabled":"default","ast-page-background-meta":{"desktop":{"background-color":"","background-image":"","background-repeat":"repeat","background-position":"center center","background-size":"auto","background-attachment":"scroll","background-type":"","background-media":"","overlay-type":"","overlay-color":"","overlay-opacity":"","overlay-gradient":""},"tablet":{"background-color":"","background-image":"","background-repeat":"repeat","background-position":"center center","background-size":"auto","background-attachment":"scroll","background-type":"","background-media":"","overlay-type":"","overlay-color":"","overlay-opacity":"","overlay-gradient":""},"mobile":{"background-color":"","background-image":"","background-repeat":"repeat","background-position":"center center","background-size":"auto","background-attachment":"scroll","background-type":"","background-media":"","overlay-type":"","overlay-color":"","overlay-opacity":"","overlay-gradient":""}},"ast-content-background-meta":{"desktop":{"background-color":"var(--ast-global-color-5)","background-image":"","background-repeat":"repeat","background-position":"center center","background-size":"auto","background-attachment":"scroll","background-type":"","background-media":"","overlay-type":"","overlay-color":"","overlay-opacity":"","overlay-gradient":""},"tablet":{"background-color":"var(--ast-global-color-5)","background-image":"","background-repeat":"repeat","background-position":"center center","background-size":"auto","background-attachment":"scroll","background-type":"","background-media":"","overlay-type":"","overlay-color":"","overlay-opacity":"","overlay-gradient":""},"mobile":{"background-color":"var(--ast-global-color-5)","background-image":"","background-repeat":"repeat","background-position":"center center","background-size":"auto","background-attachment":"scroll","background-type":"","background-media":"","overlay-type":"","overlay-color":"","overlay-opacity":"","overlay-gradient":""}},"footnotes":""},"class_list":["post-3774","page","type-page","status-publish","hentry"],"campaignId":"","_links":{"self":[{"href":"https:\/\/www.becandotussuenosiap.org\/index.php?rest_route=\/wp\/v2\/pages\/3774","targetHints":{"allow":["GET"]}}],"collection":[{"href":"https:\/\/www.becandotussuenosiap.org\/index.php?rest_route=\/wp\/v2\/pages"}],"about":[{"href":"https:\/\/www.becandotussuenosiap.org\/index.php?rest_route=\/wp\/v2\/types\/page"}],"author":[{"embeddable":true,"href":"https:\/\/www.becandotussuenosiap.org\/index.php?rest_route=\/wp\/v2\/users\/1"}],"replies":[{"embeddable":true,"href":"https:\/\/www.becandotussuenosiap.org\/index.php?rest_route=%2Fwp%2Fv2%2Fcomments&post=3774"}],"version-history":[{"count":10,"href":"https:\/\/www.becandotussuenosiap.org\/index.php?rest_route=\/wp\/v2\/pages\/3774\/revisions"}],"predecessor-version":[{"id":4228,"href":"https:\/\/www.becandotussuenosiap.org\/index.php?rest_route=\/wp\/v2\/pages\/3774\/revisions\/4228"}],"wp:attachment":[{"href":"https:\/\/www.becandotussuenosiap.org\/index.php?rest_route=%2Fwp%2Fv2%2Fmedia&parent=3774"}],"curies":[{"name":"wp","href":"https:\/\/api.w.org\/{rel}","templated":true}]}}