{"id":3775,"date":"2023-12-30T23:31:59","date_gmt":"2023-12-30T23:31:59","guid":{"rendered":"https:\/\/www.becandotussuenosiap.org\/?page_id=3775"},"modified":"2024-09-28T03:29:49","modified_gmt":"2024-09-28T03:29:49","slug":"objetivos-2","status":"publish","type":"page","link":"https:\/\/www.becandotussuenosiap.org\/?page_id=3775","title":{"rendered":"Objetivos"},"content":{"rendered":"\t\t<div data-elementor-type=\"wp-page\" data-elementor-id=\"3775\" class=\"elementor elementor-3775\" data-elementor-post-type=\"page\">\n\t\t\t\t<div class=\"elementor-element elementor-element-3abbcdb e-con-full e-flex e-con e-parent\" data-id=\"3abbcdb\" data-element_type=\"container\" data-e-type=\"container\" data-settings=\"{&quot;jet_parallax_layout_list&quot;:[]}\">\n\t\t\t\t<div class=\"elementor-element elementor-element-3dac432 elementor-widget elementor-widget-image\" data-id=\"3dac432\" data-element_type=\"widget\" data-e-type=\"widget\" data-widget_type=\"image.default\">\n\t\t\t\t<div class=\"elementor-widget-container\">\n\t\t\t\t\t\t\t\t\t\t\t\t\t\t\t<img fetchpriority=\"high\" decoding=\"async\" width=\"1024\" height=\"577\" src=\"https:\/\/www.becandotussuenosiap.org\/wp-content\/uploads\/2024\/05\/WhatsApp-Image-2024-05-03-at-12.50.50-PM-1-1024x577.jpeg\" class=\"attachment-large size-large wp-image-3920\" alt=\"\" srcset=\"https:\/\/www.becandotussuenosiap.org\/wp-content\/uploads\/2024\/05\/WhatsApp-Image-2024-05-03-at-12.50.50-PM-1-1024x577.jpeg 1024w, https:\/\/www.becandotussuenosiap.org\/wp-content\/uploads\/2024\/05\/WhatsApp-Image-2024-05-03-at-12.50.50-PM-1-300x169.jpeg 300w, https:\/\/www.becandotussuenosiap.org\/wp-content\/uploads\/2024\/05\/WhatsApp-Image-2024-05-03-at-12.50.50-PM-1-768x432.jpeg 768w, https:\/\/www.becandotussuenosiap.org\/wp-content\/uploads\/2024\/05\/WhatsApp-Image-2024-05-03-at-12.50.50-PM-1-1536x865.jpeg 1536w, https:\/\/www.becandotussuenosiap.org\/wp-content\/uploads\/2024\/05\/WhatsApp-Image-2024-05-03-at-12.50.50-PM-1.jpeg 1600w\" sizes=\"(max-width: 1024px) 100vw, 1024px\" \/>\t\t\t\t\t\t\t\t\t\t\t\t\t\t\t<\/div>\n\t\t\t\t<\/div>\n\t\t\t\t<div class=\"elementor-element elementor-element-4205857 elementor-widget elementor-widget-heading\" data-id=\"4205857\" data-element_type=\"widget\" data-e-type=\"widget\" data-widget_type=\"heading.default\">\n\t\t\t\t<div class=\"elementor-widget-container\">\n\t\t\t\t\t<h2 class=\"elementor-heading-title elementor-size-default\">Nuestro Objetivo.<\/h2>\t\t\t\t<\/div>\n\t\t\t\t<\/div>\n\t\t<div class=\"elementor-element elementor-element-497c6c6 e-flex e-con-boxed e-con e-child\" data-id=\"497c6c6\" data-element_type=\"container\" data-e-type=\"container\" data-settings=\"{&quot;jet_parallax_layout_list&quot;:[]}\">\n\t\t\t\t\t<div class=\"e-con-inner\">\n\t\t\t\t<div class=\"elementor-element elementor-element-2b984c4 elementor-widget elementor-widget-text-editor\" data-id=\"2b984c4\" data-element_type=\"widget\" data-e-type=\"widget\" data-widget_type=\"text-editor.default\">\n\t\t\t\t<div class=\"elementor-widget-container\">\n\t\t\t\t\t\t\t\t\t<p>Somos una organizaci\u00f3n sin fines de lucro cuyo objetivo es otorgar becas educativas y capacitaci\u00f3n para el trabajo a personas en situaci\u00f3n de vulnerabilidad. Creemos que la educaci\u00f3n es la clave para un futuro mejor y estamos comprometidos en hacerlo accesible para todos.<br>Nuestro enfoque principal es ayudar a aquellos que enfrentan barreras financieras para acceder a la educaci\u00f3n. Ofrecemos becas para cubrir los costos de matr\u00edcula, libros y otros gastos relacionados con la educaci\u00f3n. Adem\u00e1s, brindamos capacitaci\u00f3n para el trabajo para desarrollar habilidades pr\u00e1cticas que les permitan a nuestros beneficiarios ingresar al mercado laboral y mejorar su calidad de vida.<br>Creemos en la importancia de la equidad y la inclusi\u00f3n. Nos esforzamos por asegurarnos de que nuestras becas y capacitaciones para el trabajo lleguen a aquellos que m\u00e1s lo necesitan, independientemente de su g\u00e9nero, raza, religi\u00f3n u orientaci\u00f3n sexual. Adem\u00e1s, trabajamos con comunidades locales para identificar las necesidades espec\u00edficas de cada regi\u00f3n y adaptar nuestros programas en consecuencia.<\/p>\n<p>Asimismo, becando tus sue\u00f1os I.A.P. se enfoca en el fomento de la innovaci\u00f3n y el desarrollo sostenible, contribuyendo as\u00ed al logro de los Objetivos de Desarrollo Sostenible (ODS) establecidos por la Agenda 2030 de la Organizaci\u00f3n de las Naciones Unidas (ONU). El trabajo de esta asociaci\u00f3n es fundamental para construir un futuro m\u00e1s justo, equitativo y sostenible para todos.<\/p>\n<p>En resumen, los objetivos de la Asociaci\u00f3n Becando Tus Sue\u00f1os I.A.P. son: lograr que la educaci\u00f3n sea accesible para todos, especialmente para aquellos que enfrentan barreras financieras y sociales, lograr la igualdad de oportunidades laborales para todos sin importar&nbsp;su g\u00e9nero, raza o religi\u00f3n as\u00ed como&nbsp;defender los derechos humanos y la igualdad de g\u00e9nero.&nbsp;Creemos en un futuro mejor y estamos comprometidos en hacer nuestra parte para lograrlo.&nbsp;<\/p>\t\t\t\t\t\t\t\t<\/div>\n\t\t\t\t<\/div>\n\t\t\t\t\t<\/div>\n\t\t\t\t<\/div>\n\t\t\t\t<div class=\"elementor-element elementor-element-0f7f961 elementor-widget__width-initial elementor-widget elementor-widget-image\" data-id=\"0f7f961\" data-element_type=\"widget\" data-e-type=\"widget\" data-widget_type=\"image.default\">\n\t\t\t\t<div class=\"elementor-widget-container\">\n\t\t\t\t\t\t\t\t\t\t\t\t<figure class=\"wp-caption\">\n\t\t\t\t\t\t\t\t\t\t<img decoding=\"async\" width=\"500\" height=\"500\" src=\"https:\/\/www.becandotussuenosiap.org\/wp-content\/uploads\/2023\/12\/MARCA-DE-AGUA-Becando-1.png\" class=\"attachment-full size-full wp-image-3495\" alt=\"\" srcset=\"https:\/\/www.becandotussuenosiap.org\/wp-content\/uploads\/2023\/12\/MARCA-DE-AGUA-Becando-1.png 500w, https:\/\/www.becandotussuenosiap.org\/wp-content\/uploads\/2023\/12\/MARCA-DE-AGUA-Becando-1-300x300.png 300w, https:\/\/www.becandotussuenosiap.org\/wp-content\/uploads\/2023\/12\/MARCA-DE-AGUA-Becando-1-150x150.png 150w\" sizes=\"(max-width: 500px) 100vw, 500px\" \/>\t\t\t\t\t\t\t\t\t\t\t<figcaption class=\"widget-image-caption wp-caption-text\">\u00a1Sue\u00f1os grandes, personas grandes!<\/figcaption>\n\t\t\t\t\t\t\t\t\t\t<\/figure>\n\t\t\t\t\t\t\t\t\t<\/div>\n\t\t\t\t<\/div>\n\t\t\t\t<\/div>\n\t\t<div class=\"elementor-element elementor-element-64279ca e-flex e-con-boxed e-con e-parent\" data-id=\"64279ca\" data-element_type=\"container\" data-e-type=\"container\" data-settings=\"{&quot;jet_parallax_layout_list&quot;:[]}\">\n\t\t\t\t\t<div class=\"e-con-inner\">\n\t\t\t\t\t<\/div>\n\t\t\t\t<\/div>\n\t\t<div class=\"elementor-element elementor-element-6d13592 e-flex e-con-boxed e-con e-parent\" data-id=\"6d13592\" data-element_type=\"container\" data-e-type=\"container\" data-settings=\"{&quot;jet_parallax_layout_list&quot;:[]}\">\n\t\t\t\t\t<div class=\"e-con-inner\">\n\t\t\t\t\t<\/div>\n\t\t\t\t<\/div>\n\t\t<div class=\"elementor-element elementor-element-caadce6 e-flex e-con-boxed e-con e-parent\" data-id=\"caadce6\" data-element_type=\"container\" data-e-type=\"container\" data-settings=\"{&quot;jet_parallax_layout_list&quot;:[]}\">\n\t\t\t\t\t<div class=\"e-con-inner\">\n\t\t\t\t<div class=\"elementor-element elementor-element-8d54982 elementor-widget elementor-widget-html\" data-id=\"8d54982\" data-element_type=\"widget\" data-e-type=\"widget\" data-widget_type=\"html.default\">\n\t\t\t\t<div class=\"elementor-widget-container\">\n\t\t\t\t\t<!-- Brevo Conversations {literal} -->\r\n<script>\r\n    (function(d, w, c) {\r\n        w.BrevoConversationsID = '6696ffaf0d38d17592231a58';\r\n        w[c] = w[c] || function() {\r\n            (w[c].q = w[c].q || []).push(arguments);\r\n        };\r\n        var s = d.createElement('script');\r\n        s.async = true;\r\n        s.src = 'https:\/\/conversations-widget.brevo.com\/brevo-conversations.js';\r\n        if (d.head) d.head.appendChild(s);\r\n    })(document, window, 'BrevoConversations');\r\n<\/script>\r\n<!-- \/Brevo Conversations {\/literal} -->\t\t\t\t<\/div>\n\t\t\t\t<\/div>\n\t\t\t\t\t<\/div>\n\t\t\t\t<\/div>\n\t\t\t\t<\/div>\n\t\t","protected":false},"excerpt":{"rendered":"<p>Nuestro Objetivo. Somos una organizaci\u00f3n sin fines de lucro cuyo objetivo es otorgar becas educativas y capacitaci\u00f3n para el trabajo a personas en situaci\u00f3n de vulnerabilidad. Creemos que la educaci\u00f3n es la clave para un futuro mejor y estamos comprometidos en hacerlo accesible para todos.Nuestro enfoque principal es ayudar a aquellos que enfrentan barreras financieras [&hellip;]<\/p>\n","protected":false},"author":1,"featured_media":0,"parent":0,"menu_order":0,"comment_status":"closed","ping_status":"closed","template":"","meta":{"give_campaign_id":0,"site-sidebar-layout":"no-sidebar","site-content-layout":"page-builder","ast-site-content-layout":"full-width-container","site-content-style":"default","site-sidebar-style":"default","ast-global-header-display":"","ast-banner-title-visibility":"","ast-main-header-display":"","ast-hfb-above-header-display":"","ast-hfb-below-header-display":"","ast-hfb-mobile-header-display":"","site-post-title":"disabled","ast-breadcrumbs-content":"","ast-featured-img":"disabled","footer-sml-layout":"","ast-disable-related-posts":"","theme-transparent-header-meta":"","adv-header-id-meta":"","stick-header-meta":"","header-above-stick-meta":"","header-main-stick-meta":"","header-below-stick-meta":"","astra-migrate-meta-layouts":"default","ast-page-background-enabled":"default","ast-page-background-meta":{"desktop":{"background-color":"","background-image":"","background-repeat":"repeat","background-position":"center center","background-size":"auto","background-attachment":"scroll","background-type":"","background-media":"","overlay-type":"","overlay-color":"","overlay-opacity":"","overlay-gradient":""},"tablet":{"background-color":"","background-image":"","background-repeat":"repeat","background-position":"center center","background-size":"auto","background-attachment":"scroll","background-type":"","background-media":"","overlay-type":"","overlay-color":"","overlay-opacity":"","overlay-gradient":""},"mobile":{"background-color":"","background-image":"","background-repeat":"repeat","background-position":"center center","background-size":"auto","background-attachment":"scroll","background-type":"","background-media":"","overlay-type":"","overlay-color":"","overlay-opacity":"","overlay-gradient":""}},"ast-content-background-meta":{"desktop":{"background-color":"var(--ast-global-color-5)","background-image":"","background-repeat":"repeat","background-position":"center center","background-size":"auto","background-attachment":"scroll","background-type":"","background-media":"","overlay-type":"","overlay-color":"","overlay-opacity":"","overlay-gradient":""},"tablet":{"background-color":"var(--ast-global-color-5)","background-image":"","background-repeat":"repeat","background-position":"center center","background-size":"auto","background-attachment":"scroll","background-type":"","background-media":"","overlay-type":"","overlay-color":"","overlay-opacity":"","overlay-gradient":""},"mobile":{"background-color":"var(--ast-global-color-5)","background-image":"","background-repeat":"repeat","background-position":"center center","background-size":"auto","background-attachment":"scroll","background-type":"","background-media":"","overlay-type":"","overlay-color":"","overlay-opacity":"","overlay-gradient":""}},"footnotes":""},"class_list":["post-3775","page","type-page","status-publish","hentry"],"campaignId":"","_links":{"self":[{"href":"https:\/\/www.becandotussuenosiap.org\/index.php?rest_route=\/wp\/v2\/pages\/3775","targetHints":{"allow":["GET"]}}],"collection":[{"href":"https:\/\/www.becandotussuenosiap.org\/index.php?rest_route=\/wp\/v2\/pages"}],"about":[{"href":"https:\/\/www.becandotussuenosiap.org\/index.php?rest_route=\/wp\/v2\/types\/page"}],"author":[{"embeddable":true,"href":"https:\/\/www.becandotussuenosiap.org\/index.php?rest_route=\/wp\/v2\/users\/1"}],"replies":[{"embeddable":true,"href":"https:\/\/www.becandotussuenosiap.org\/index.php?rest_route=%2Fwp%2Fv2%2Fcomments&post=3775"}],"version-history":[{"count":10,"href":"https:\/\/www.becandotussuenosiap.org\/index.php?rest_route=\/wp\/v2\/pages\/3775\/revisions"}],"predecessor-version":[{"id":4231,"href":"https:\/\/www.becandotussuenosiap.org\/index.php?rest_route=\/wp\/v2\/pages\/3775\/revisions\/4231"}],"wp:attachment":[{"href":"https:\/\/www.becandotussuenosiap.org\/index.php?rest_route=%2Fwp%2Fv2%2Fmedia&parent=3775"}],"curies":[{"name":"wp","href":"https:\/\/api.w.org\/{rel}","templated":true}]}}